+ 291. What is the units digit of t?
1
Let o = -7 - -8. Suppose -2*s + 3*j - o = -10, -6 = -s + 3*j. What is the units digit of s?
3
Let g = 0 - -5. Suppose -5*w + 84 = -3*c + 2*c, -g*c = -5. What is the units digit of w?
7
Let i(q) = q**3 - 6*q**2 - q - 17. What is the units digit of i(7)?
5
Suppose 0 = 2*b - 4 - 0. Let a = b - 0. What is the units digit of a?
2
Suppose -64 + 19 = -3*t. Let g be ((-12)/10)/(3/t). Let j = -1 - g. What is the units digit of j?
5
Suppose 2*d - 12*d + 100 = 0. What is the tens digit of d?
1
Let x be (-1)/(-1) + (-2 - -1). Let g = -4 - -6. Suppose -2*n + g = -x*n. What is the units digit of n?
1
Let v be 2/(2 + -1)*2. Suppose -u - v - 1 = 0, -2*b = -2*u + 2. Let i = 4 - b. What is the units digit of i?
0
Let a(n) = -n**3 - 5*n**2 + 7*n. Let c be a(-6). Let j = c - -17. What is the tens digit of j?
1
Suppose 3*r - 5*c + 146 = 0, 3*c - 172 = 4*r + 2*c. Let h be (2/3)/((-4)/r). What is the units digit of (4/2)/(2/h)?
7
Suppose 0 = z - 181 + 12. What is the hundreds digit of z?
1
Let l = -5 - -3. What is the tens digit of -3 + l + 2 + 28?
2
Suppose -4*v - 60 = -4*q - 0*v, -3*v + 11 = q. Let m be (-46)/11 - q/(-77). What is the tens digit of (30/m)/((-1)/2)?
1
Suppose 0 = -5*s + 2*s + 9. Let x(a) = -a**2 + 7*a - 2. Let k be x(6). Suppose s = -k*v + 5*v. What is the units digit of v?
3
Let c = -15 - -20. What is the units digit of c?
5
Suppose -50*b + 47*b = -309. What is the tens digit of b?
0
Suppose 0 = -5*l - 4*j - 62, -2*j - 1 = 5. What is the units digit of 399/35 + 4/l?
1
Let q(i) = 5*i + 1. Suppose z = -0 - 1. Let y be q(z). What is the units digit of y/(-6) + (-4)/(-3)?
2
Suppose -2*m - 3*a = 11, -5*m + 3*a = -27 + 2. Suppose -5*r + 51 = 5*w - r, -w - m*r + 9 = 0. What is the tens digit of w?
1
Let f = -1 + 26. What is the tens digit of f?
2
Let y be -3*1 + (-4)/2. What is the units digit of y*((-94)/10 - -3)?
2
Let m = 2 - -4. Suppose -5*i - 45 = -i - p, 0 = -i - 5*p - m. Let c = -4 - i. What is the units digit of c?
7
Let h be (-1)/((9/15)/(-3)). Suppose -3*c - 26 = -71. Let z = c - h. What is the units digit of z?
0
Suppose -2*a - 4 = -5*y + 4, 4*y - 4*a - 4 = 0. Let g(n) = 7*n - 13*n - 2 + 5*n + y*n**2. What is the units digit of g(3)?
3
Let g = -17 - -29. Suppose g = -10*j + 11*j. What is the tens digit of j?
1
Suppose 5*c + o - 135 = -3*o, 4*c - 108 = 2*o. Suppose 3*d - 30 - c = 0. What is the tens digit of (-9)/(-6)*2 + d?
2
Let b(q) = q**2 + 5*q - 12. What is the units digit of b(-14)?
4
Suppose 2*x = -2*x + 2*v + 304, 0 = 5*x - 2*v - 380. What is the tens digit of x?
7
Suppose -2*u = 3*p + 8, 5*u - 7 = 3*p + 15. Let x be u/(-2) - (4 + -5). Suppose x = -3*d + 5 + 1. What is the units digit of d?
2
Let a = -5 - -15. Let n be (-1)/(-5) - 32/a. What is the units digit of 3/(n/(-2)) - 0?
2
Suppose 1 = 3*t - 5. Suppose 5*h + f - 14 = 48, -t*h + 14 = -5*f. What is the tens digit of h?
1
Let l(u) = u**3 - 6*u**2 + 5*u + 2. What is the units digit of l(6)?
2
Let q = 8 + -13. Let l = -2 - q. What is the units digit of 160/12 - 1/l?
3
Let c = 101 - 55. What is the units digit of c?
6
Let c(b) = b**2 + 2*b + 1. Let i be c(-1). Let y = 46 + i. What is the tens digit of y?
4
Let y(q) = -q**2 - 8*q + 10. Let t(u) = -u**2 - 11*u + 3. Let s be t(-12). What is the units digit of y(s)?
1
Suppose 3*w - v + 112 = 297, 2*v + 4 = 0. Let l = w + -41. What is the tens digit of l?
2
Suppose v - 683 = -2*i, 0 = 5*i + 2*v - 0*v - 1707. What is the tens digit of i?
4
Let f(i) = 0*i - i + i**2 - 3 + 2. Suppose 2*c - 3 = 3. What is the units digit of f(c)?
5
Suppose -16*n + 188 - 28 = 0. What is the units digit of n?
0
Let t(h) = 23*h**3 - 5*h + 2. What is the units digit of t(2)?
6
Suppose -33 = -3*h - 2*u, 3*h + 2*u - 33 = -3*u. Suppose k = -2*c - 0*c + h, 0 = -c - 3*k - 2. What is the units digit of c?
7
Let c(t) = -9*t**3 - t**2 - 2*t - 1. Suppose 0 = -2*b - 2. What is the units digit of c(b)?
9
Let a = 96 + -89. What is the units digit of a?
7
Suppose 7*g - 3*g - 164 = 0. What is the units digit of g?
1
What is the tens digit of -5*2/(-5) + 24?
2
What is the tens digit of 4/8*(-48)/(-2)?
1
Let p(w) = 6*w - 1. Let k be (-5)/(5/3) - -4. What is the units digit of p(k)?
5
Let c(g) be the first derivative of -g**4/4 + g**3/3 + g**2/2 + 10*g + 2. Let r be c(0). Let u = -4 + r. What is the units digit of u?
6
Let g(j) = j**3 - 5*j**2 - 5*j - 1. Let w be g(6). Suppose w*a = a + 52. What is the units digit of a?
3
Let i be -1*(-2 + 3 + 0). What is the units digit of i*(-5 - (3 + -6))?
2
Suppose -4*s = 68 + 40. What is the tens digit of (-2)/(-9) - 291/s?
1
Let w(a) = 168*a**3 + 4*a - 3. What is the hundreds digit of w(1)?
1
Suppose -2 + 4 = -y, l - 21 = 4*y. Let b = 17 - l. What is the units digit of b?
4
Suppose 5*i - 20 = -5*w, -5*w + 3*i = -10 - 2. Suppose -82 = -w*z + 2*o, 3*o - 136 = -4*z - 21. What is the units digit of z?
8
Let w(t) = t**2 - t + 99. What is the units digit of w(0)?
9
Let m(f) = 4*f + 2. Let q be m(-2). Let b(c) = -2*c - 38. Let d be b(-17). What is the units digit of ((-2)/d - 1)*q?
3
Let b(s) = 25*s + 4. What is the units digit of b(3)?
9
What is the units digit of 422/6 - 1/3?
0
Suppose 0 = 3*c + 2*c. Let d(v) = v + 5 - 4 + c*v. What is the units digit of d(0)?
1
Suppose 17*j = 14*j + 42. What is the units digit of j?
4
Let m(j) = j**2 - 8*j + 9. Let n(r) = r**3 + 4*r**2 - 6*r + 2. Let h be n(-5). What is the units digit of m(h)?
2
Let y be (-14)/35 - (-2)/5. Suppose -5*l + 48 + 42 = y. Suppose -3*o - 3*g + l = 0, 14 = 5*o - 2*o + 4*g. What is the tens digit of o?
1
Let a be -2 - (1 + (-42)/2). Let c = 17 - 27. Let q = c + a. What is the units digit of q?
8
Let m = 10 + -10. Let f = 9 + m. What is the units digit of f?
9
What is the tens digit of (-50)/175 + (-72)/(-7)?
1
Let d = -99 + 168. What is the units digit of d?
9
Let x be ((-3)/(-1) - 3) + -2. Let g = x + 4. What is the units digit of (-12)/g*(-42)/12?
1
Suppose f = 6*f. Suppose 4*k + 23 = 8*k - 3*r, -4*k + r + 21 = f. Suppose k*q - 5*h - 20 = 0, -h + 16 = 3*q - 0*q. What is the units digit of q?
5
Suppose -54 = 2*v - 4*t - 166, 0 = v + 2*t - 76. What is the tens digit of v?
6
Suppose 4*n + 5*x = 191, -3*x + 8*x = -3*n + 137. What is the units digit of n?
4
Let b(h) be the first derivative of -h**5/60 + h**4/3 + 3*h**3/2 + 3*h**2/2 + 3. Let p(n) be the second derivative of b(n). What is the units digit of p(8)?
9
Let m(z) = -9*z + 21. What is the hundreds digit of m(-10)?
1
Let z(o) = 2*o**2 - 4*o + 3. Let n be z(2). Suppose 5*q + n*u - 16 - 54 = 0, 5*u - 42 = -3*q. What is the tens digit of q?
1
Suppose 0 = 3*u - 12. Suppose -u*r = z - 2, -z - 4*r + 4 = z. Suppose -3*a = -a - z. What is the units digit of a?
1
Suppose w + 59 = 4*s, -3*s + 5*w = -0*s - 40. Suppose -5 = 4*b - 1. What is the units digit of ((-6)/s)/(b/20)?
8
Let y be -1 - -4 - (-4)/4. Suppose y*r + 9 - 21 = 0. What is the units digit of r?
3
Suppose 3*j - 56 = 2*f, -3*f + 4 + 11 = 0. What is the tens digit of j?
2
Suppose -4 = 3*x - 5*x. What is the units digit of (x + -2 - 1)*-9?
9
Suppose -3*m - 50 = -5*m. What is the units digit of m?
5
Let q(y) = 4*y - 9. What is the tens digit of q(5)?
1
Suppose 0*d - 16 = -4*d. Suppose r = d*r - 36. What is the tens digit of r?
1
Let m = 11 + -8. Suppose 4*j = 5*c - 10*c + 15, 4*c + 20 = 0. Suppose m*p = -4*l + j, -3*l + 3*p - 5 = -p. What is the units digit of l?
1
Suppose 14 = 4*k - 46. What is the tens digit of k?
1
Let r(q) = -q**2 - 25*q + 25. What is the units digit of r(-22)?
1
Let m be 8/6*(-54)/12. Let a be 1 - (m + -1 - 1). Suppose 4 = 2*d - t - 17, -2*t = -d + a. What is the tens digit of d?
1
Suppose 0 = 5*x - j + 21, 3*x + 4*j = j - 9. Let i = x - -13. What is the units digit of i?
9
Suppose 5*r = 2*n + 11, 9 = 3*r - 0*r. Let s = 0 - n. What is the units digit of (-1 - 1) + (4 - s)?
4
Let h = 54 + -22. What is the tens digit of h?
3
Let c(v) = -4*v**3 - 1 + 6*v**2 + 3*v**3 + 2*v + 2*v**3. What is the units digit of c(-4)?
3
Let l(j) = -j**3 + 6*j**2 - 5*j + 4. Let u(q) = q**3 - 8*q**2 + 6*q + 9. Let k be u(7). Let g = k + 3. What is the units digit of l(g)?
4
Let d = -3 - -13. Suppose -d = 4*t + t. What is the units digit of (1*t)/((-6)/27)?
9
Let s be (-2283)/(-15) - (-1)/(-5). Suppose -3*m + c + s = 0, 240 = 5*m + 2*c + 3*c. Le